by 48.
0
Calculate the remainder when 840 is divided by 17.
7
Calculate the remainder when 922297 is divided by 20.
17
Calculate the remainder when 2703324 is divided by 210.
204
Calculate the remainder when 65028 is divided by 16254.
12
What is the remainder when 3178 is divided by 177?
169
What is the remainder when 2777 is divided by 1284?
209
What is the remainder when 964843 is divided by 502?
501
What is the remainder when 8120 is divided by 1026?
938
Calculate the remainder when 3055 is divided by 234.
13
What is the remainder when 633 is divided by 626?
7
What is the remainder when 210896 is divided by 657?
656
Calculate the remainder when 416 is divided by 389.
27
Calculate the remainder when 11383 is divided by 243.
205
What is the remainder when 445356 is divided by 1362?
1344
Calculate the remainder when 15384 is divided by 440.
424
What is the remainder when 669005 is divided by 503?
15
Calculate the remainder when 4992 is divided by 24.
0
Calculate the remainder when 580139 is divided by 9.
8
What is the remainder when 15212 is divided by 11?
10
Calculate the remainder when 21425 is divided by 10.
5
Calculate the remainder when 21104 is divided by 844.
4
What is the remainder when 2603658 is divided by 36?
30
What is the remainder when 585 is divided by 199?
187
What is the remainder when 1333481 is divided by 41?
38
What is the remainder when 460726 is divided by 27?
25
What is the remainder when 5336 is divided by 887?
14
Calculate the remainder when 1681 is divided by 831.
19
What is the remainder when 5258 is divided by 875?
8
What is the remainder when 3239 is divided by 1032?
143
Calculate the remainder when 729 is divided by 494.
235
What is the remainder when 4117 is divided by 1000?
117
Calculate the remainder when 174530 is divided by 58174.
8
Calculate the remainder when 93042 is divided by 744.
42
Calculate the remainder when 156047 is divided by 25.
22
What is the remainder when 13274 is divided by 4421?
11
What is the remainder when 43309 is divided by 166?
149
Calculate the remainder when 31190 is divided by 100.
90
Calculate the remainder when 3013 is divided by 201.
199
What is the remainder when 395603 is divided by 44?
43
What is the remainder when 85038 is divided by 111?
12
Calculate the remainder when 73571 is divided by 109.
105
Calculate the remainder when 39358 is divided by 3560.
198
Calculate the remainder when 23260 is divided by 7738.
46
Calculate the remainder when 133732 is divided by 88.
60
Calculate the remainder when 6071 is divided by 127.
102
Calculate the remainder when 88579 is divided by 4020.
139
What is the remainder when 35832 is divided by 11944?
0
What is the remainder when 273 is divided by 145?
128
Calculate the remainder when 23226 is divided by 43.
6
Calculate the remainder when 37286 is divided by 18627.
32
What is the remainder when 2033 is divided by 1720?
313
What is the remainder when 429 is divided by 121?
66
What is the remainder when 139255 is divided by 18?
7
What is the remainder when 145547 is divided by 2746?
9
Calculate the remainder when 119912 is divided by 55.
12
What is the remainder when 5362 is divided by 298?
296
Calculate the remainder when 36030 is divided by 23.
12
What is the remainder when 48748 is divided by 78?
76
What is the remainder when 77 is divided by 15?
2
What is the remainder when 3111 is divided by 688?
359
Calculate the remainder when 4467 is divided by 262.
13
What is the remainder when 5309 is divided by 118?
117
What is the remainder when 95287 is divided by 603?
13
Calculate the remainder when 7945 is divided by 2587.
184
What is the remainder when 6470 is divided by 884?
282
What is the remainder when 1320152 is divided by 12817?
1
Calculate the remainder when 18024 is divided by 18021.
3
Calculate the remainder when 122304 is divided by 9407.
13
What is the remainder when 16005 is divided by 7998?
9
What is the remainder when 7442 is divided by 490?
92
Calculate the remainder when 188112 is divided by 79.
13
Calculate the remainder when 674959 is divided by 104.
103
Calculate the remainder when 83476 is divided by 2253.
115
Calculate the remainder when 20061 is divided by 1003.
1
What is the remainder when 129303 is divided by 8?
7
Calculate the remainder when 344443 is divided by 172218.
7
What is the remainder when 1789886 is divided by 71?
47
What is the remainder when 14416 is divided by 39?
25
Calculate the remainder when 3595 is divided by 291.
103
What is the remainder when 17728 is divided by 2930?
148
What is the remainder when 34220 is divided by 184?
180
Calculate the remainder when 1196320 is divided by 1.
0
What is the remainder when 35599 is divided by 207?
202
What is the remainder when 4257 is divided by 716?
677
What is the remainder when 6313 is divided by 421?
419
What is the remainder when 69899 is divided by 20?
19
Calculate the remainder when 138332 is divided by 379.
376
What is the remainder when 58309 is divided by 85?
84
Calculate the remainder when 1479 is divided by 1468.
11
Calculate the remainder when 85619 is divided by 62.
59
What is the remainder when 174534 is divided by 219?
210
Calculate the remainder when 2943 is divided by 2840.
103
What is the remainder when 16319 is divided by 4043?
147
Calculate the remainder when 262 is divided by 40.
22
Calculate the remainder when 5152191 is divided by 1784.
1783
Calculate the remainder when 195537 is divided by 6110.
17
What is the remainder when 1657 is divided by 196?
89
Calculate the remainder when 17538 is divided by 17530.
8
What is the remainder when 170410 is divided by 426?
10
Calculate the remainder when 5180 is divided by 5170.
10
What is the remainder when 16619 is divided by 20?
19
Calculate the remainder when 206792 is divided by 69.
68
What is the remainder when 189741 is divided by 137?
133
What is the remainder when 69975 is divided by 34919?
137
Calculate the remainder when 2193 is divided by 325.
243
Calculate the remainder when 6756 is divided by 1334.
86
What is the remainder when 9608 is divided by 220?
148
Calculate the remainder when 7713 is divided by 14.
13
Calculate the remainder when 11601 is divided by 11530.
71
Calculate the remainder when 460582 is divided by 1379.
1375
Calculate the remainder when 568687 is divided by 134.
125
What is the remainder when 51468 is divided by 2244?
2100
What is the remainder when 162971 is divided by 22?
17
Calculate the remainder when 75526 is divided by 84.
10
What is the remainder when 3751 is divided by 419?
399
Calculate the remainder when 7220 is divided by 3601.
18
Calculate the remainder when 2320 is divided by 67.
42
What is the remainder when 48851 is divided by 12212?
3
Calculate the remainder when 78893 is divided by 15778.
3
What is the remainder when 3857988 is divided by 547?
544
Calculate the remainder when 16838 is divided by 121.
19
Calculate the remainder when 138123 is divided by 1151.
3
Calculate the remainder when 1438 is divided by 1397.
41
Calculate the remainder when 10453 is divided by 695.
28
Calculate the remainder when 23798 is divided by 15.
8
Calculate the remainder when 1172 is divided by 937.
235
What is the remainder when 54477 is divided by 56?
45
What is the remainder when 579 is divided by 151?
126
Calculate the remainder when 38732 is divided by 6208.
1484
What is the remainder when 3804 is divided by 7?
3
What is the remainder when 5338 is divided by 231?
25
What is the remainder when 3369 is divided by 334?
29
What is the remainder when 34294 is divided by 700?
694
Calculate the remainder when 293 is divided by 92.
17
Calculate the remainder when 90803 is divided by 47.
46
Calculate the remainder when 7992 is divided by 82.
38
What is the remainder when 4644 is divided by 2181?
282
Calculate the remainder when 115257 is divided by 88.
65
What is the remainder when 82942 is divided by 421?
5
What is the remainder when 4407 is divided by 1019?
331
What is the remainder when 64830 is divided by 32414?
2
Calculate the remainder when 14167 is divided by 1107.
883
What is the remainder when 18076 is divided by 225?
76
What is the remainder when 41536 is divided by 742?
726
What is the remainder when 10035 is divided by 4991?
53
Calculate the remainder when 2817 i